o. Is r a multiple of 15?
False
Suppose 3*p = -5*c + 32, -5*p + 2*c = -0*c - 105. Is 16 a factor of p?
False
Suppose 2*b = y + 4*y - 173, -40 = -y - 5*b. Is 7 a factor of y?
True
Suppose 0 = 2*q + 2*q - 64. Does 11 divide (20/q)/(1/12)?
False
Suppose 12 + 3 = 5*n. Suppose -n*p + 4*p = 1. Let s = 37 - p. Is s a multiple of 13?
False
Suppose -5*x = -2*x - t - 612, -5*x - 4*t + 1020 = 0. Is x a multiple of 10?
False
Let z(t) = t**3 + 10*t**2 + 8*t - 11. Is z(-7) a multiple of 10?
True
Let g(p) = -p**3 + 8*p**2 + 2*p + 4. Let j be g(9). Let u = -28 - j. Does 19 divide u?
False
Let o = 3 - 4. Suppose y + 1 = 3. Does 14 divide 1/y*(-28)/o?
True
Let h be (-1 + 1)/(-3) - -2. Suppose 95 = 3*x + h*x. Does 9 divide x?
False
Let m(o) be the third derivative of o**6/15 - o**5/60 + o**3/6 + o**2. Let h = -2 - -3. Is m(h) a multiple of 3?
False
Suppose -c - 4*v + 20 = 0, v - 1 = 2*c + 4. Suppose -3*j + 15 + 6 = c. Let z = 26 + j. Is z a multiple of 15?
False
Let d = -16 + 47. Is 31 a factor of d?
True
Let z(b) = b**3 + 14*b**2 + 12*b - 8. Let m be z(-13). Let j = -12 - -17. Suppose -41 = -5*v - 2*g, -m*v = j*g - 48 - 2. Is 7 a factor of v?
True
Let i(f) = 6*f - 1. Let x be i(1). Let p be 10/2 + (x - 7). Let g = p + 8. Is 5 a factor of g?
False
Let l(q) = -4*q + 18. Let h be l(13). Let t = 104 + h. Is t a multiple of 17?
False
Let l(j) = j**2 + 11*j. Let n be l(-10). Let f(a) = -a**2 - 11*a + 10. Let u be f(n). Suppose -2*t + u = -6*t, -3*k = -2*t - 52. Is 6 a factor of k?
False
Suppose 5*u - 19 = 2*x, 4*u + 13 = -3*x - 4. Does 6 divide (-2 - 0)/2 - x?
True
Suppose 2*d - 3*y = 0, -y - 17 = 6*d - d. Let z = d - -9. Suppose -z*p = -p - 190. Does 17 divide p?
False
Suppose -9 = a - 4*a. Suppose 12 = 5*q - 3*t, 0*q - a*q + 13 = 4*t. Suppose 0 = 4*c + q*k - 176 + 57, -2*c - 5*k + 49 = 0. Does 21 divide c?
False
Suppose u = 4*u - 153. Is u a multiple of 14?
False
Suppose -x = x - 10. Suppose 0 = x*h - 0*h. Suppose 2*v + 2*p - 18 = h, -3 = -2*v - 4*p + 9. Is 7 a factor of v?
False
Let v(p) = -p**3 - 3*p**2 - p + 1. Let b be v(-3). Suppose -q + 2 = -r + 10, 0 = -2*q - b*r - 34. Let h = q + 36. Is h a multiple of 14?
False
Is 18 a factor of (-430)/(-8) - (0 + 3/(-12))?
True
Let y(z) = -3*z**2 - 2*z - 3. Let b(v) = -16*v**2 - 11*v - 14. Let x(n) = 2*b(n) - 11*y(n). Is x(-5) a multiple of 17?
False
Let u(y) = -10*y + 1. Let x be u(-5). Suppose -4*r + r + x = 0. Does 6 divide r?
False
Suppose 46 + 11 = 3*k. Does 11 divide k?
False
Let a be 6/(-4)*(-4)/3. Suppose -3*m - 3 = a*z + z, 5*z = -4*m - 3. Suppose 139 = 2*d + 2*d - u, u = z. Is 15 a factor of d?
False
Let c(o) = o**2 + 6*o + 4. Let b be c(-5). Let z(i) = 40*i**2 - i. Is z(b) a multiple of 17?
False
Let v(o) = -o**3 + 12*o**2 + 15*o - 4. Let z be v(13). Let b = z - 8. Is b a multiple of 7?
True
Let g = -27 + 92. Does 13 divide g?
True
Suppose -13 = q - 5*n, 4*q = q - 4*n + 18. Suppose -2*f + 15 = -r, q*f + 3*r = -5 + 40. Let u = f - -9. Does 7 divide u?
False
Is (16/(-24))/(2/(-153)) a multiple of 13?
False
Let p(i) be the first derivative of i**2/2 - i - 2. Is p(10) a multiple of 3?
True
Suppose -d - 4*o - 25 = -0*d, -5 = o. Let y = 7 + d. Is y even?
True
Suppose -2*s + 10 = -5*b, -2*b - 4*s + 3*s = -5. Suppose 7 + b = u. Is 3 a factor of u?
False
Let r = 29 + -11. Is r a multiple of 9?
True
Let x = 47 + 39. Does 19 divide x?
False
Suppose -57 = -0*v - v. Does 19 divide -1*v/(-3 - 0)?
True
Suppose 0 = -d + 3*i + 18, -3*d - i + 7 = d. Let k = 0 - -2. Suppose 0 = d*y + k*m - 26 - 54, 3*y - 79 = -m. Is y a multiple of 11?
False
Let x be (-1)/(2/(-44)) + 1. Suppose 5*c = -5*r + 2*c - 6, -4*c = r + 8. Suppose r = 3*j - 7 - x. Does 5 divide j?
True
Suppose 3*u = -3*w - 0*w + 120, -3*u = w - 44. Is w a multiple of 3?
False
Suppose 0 = -6*v + 2*v + 5*l + 150, l - 162 = -4*v. Suppose 0 = -5*a - 2*t + 7*t + v, -4 = -a + 5*t. Is 1*34*a/18 a multiple of 12?
False
Let v = 49 - 15. Is v a multiple of 6?
False
Let c(h) = h**2 + 2. Let m be c(0). Suppose m*s = -s + g + 14, 4*g + 29 = 3*s. Suppose s*a - 82 = 2*l, 132 = 5*a - 5*l + 4*l. Does 11 divide a?
False
Let z(q) = 6*q**2 - 24*q + 15. Let m(g) = -4*g**2 + 16*g - 10. Let b(l) = 7*m(l) + 5*z(l). Is b(5) a multiple of 15?
True
Suppose 3*h + 9 = 0, -k - h = -0*k - 74. Is 11 a factor of k?
True
Let u(z) = -7*z - 4. Let n be u(4). Let k = -18 - n. Is k a multiple of 6?
False
Let f(i) = 2*i**2 + 4*i + 2. Suppose -2*m = 2*m - 4*s - 64, s - 28 = -3*m. Suppose -2*p = 2*v + 3*v + 33, -4*p - m = -v. Does 5 divide f(p)?
False
Let f be (-10)/(-35) + 2/(-7). Suppose 2*n - 5*d - 1 = 0, f = -5*n + 3*n - 5*d + 11. Suppose -o = -5*o + l + 90, -2*o + 50 = -n*l. Does 17 divide o?
False
Let j be (-802)/(-8) + 2/(-8). Suppose -2*f + 6*f - j = 0. Suppose -3*i - r = -4 - 6, 2*i - f = 3*r. Is 5 a factor of i?
True
Let m = -1 + 0. Let k be 0 + (1 - m - -2). Suppose 39 = 3*b - 3*s, -5*b + 3*s + 83 = k*s. Is b a multiple of 8?
True
Let v = 41 + -26. Is v even?
False
Let f(q) = q**3 + 15*q**2 + 12*q + 8. Is f(-14) a multiple of 9?
True
Let c(d) = 12*d - 4. Let l be c(-2). Is (-4 - -3) + l/(-4) a multiple of 3?
True
Suppose 12*t - 18*t + 96 = 0. Is 2 a factor of t?
True
Suppose 0 = g + 2*l - 10, 5 = 5*g - 4*l + 25. Suppose -7*t + 3*t = 0. Suppose -2*k + 5*o = -85, t = 2*k - g*k + 5*o - 35. Is k a multiple of 12?
False
Let j be 150 - 0/((-2)/1). Suppose -j = -3*t - 51. Is t a multiple of 11?
True
Let j(s) = -s - 1. Let b(n) be the second derivative of -n**3/3 + n**2/2 + 2*n. Let h(q) = b(q) - 3*j(q). Is 2 a factor of h(0)?
True
Let t be (-8)/(-36) - (-1072)/36. Suppose 11*b - 8*b = t. Is 10 a factor of b?
True
Let m(h) = h**2 + 3*h - 1. Let l be m(-3). Let w be 1/l + (0 - -1). Suppose 58 = 2*s - w*s + 2*b, -3*s - 4*b + 89 = 0. Is 10 a factor of s?
False
Let f = 6 + -8. Let c(m) = -34*m + 2. Let s be c(f). Let l = -39 + s. Is l a multiple of 16?
False
Let p(a) = -a**3 + 4*a**2. Let d(u) be the first derivative of u**4/4 - 2*u**2 + 3*u + 4. Let b be d(2). Does 5 divide p(b)?
False
Let t(u) = 4*u - 3. Let y be t(2). Let j be (-10)/(-8) + (-1)/4. Suppose y*v = -5*n - 4 + 49, 4*v = 3*n + j. Is 3 a factor of v?
False
Let o = -7 + 7. Suppose -x + 144 = 4*g + 3*x, o = -2*g + x + 69. Is g a multiple of 10?
False
Suppose 2*j + 5*i = -4, -3*i - 2 - 1 = j. Suppose -j*o + 61 + 53 = 0. Does 8 divide o?
False
Let p = 37 + -22. Suppose -3 = -3*r + p. Is 6 a factor of r?
True
Suppose 3*h = -0*m + 4*m + 184, -m + 119 = 2*h. Is 12 a factor of h?
True
Suppose a + 857 = 6*a - 4*j, 3*a - j - 517 = 0. Is a a multiple of 43?
False
Let u = -14 - 3. Does 17 divide (-7 + 8)*(0 - u)?
True
Let t(z) = -z**3 - 7*z**2 - z - 9. Let d be t(-7). Let c be (153/(-6))/3*d. Suppose -c = -b + 10. Does 10 divide b?
False
Let g(k) = -k**2 - 6*k - 4. Let l be g(-5). Let f be 16 - (l - (-4)/2). Let z = 36 + f. Does 18 divide z?
False
Let j(l) = l**3 + 5*l**2 - l + 2. Let x be j(-5). Suppose -x*h + 2*h = -150. Is h a multiple of 16?
False
Let d = -14 - -15. Let r(m) = 19*m**2 - 3*m + 2. Is 10 a factor of r(d)?
False
Let f be (-2)/(-9) - (-97)/9. Let o = -19 + f. Let a(j) = j + 19. Does 4 divide a(o)?
False
Let f = 265 + -100. Is 15 a factor of f?
True
Suppose -295 = -m - 4*m - 5*h, -2*m = -h - 103. Is m a multiple of 5?
False
Let m(l) be the third derivative of l**5/60 - 5*l**4/24 + 7*l**3/6 + 7*l**2. Does 3 divide m(5)?
False
Let s be (2/4)/((-8)/(-32)). Is (s - -1)/(12/136) a multiple of 8?
False
Let s(z) = z - 3. Let l be s(-3). Let n = 11 + l. Does 3 divide n?
False
Let x(p) = -p + 5. Let h be x(0). Suppose -4*b - 2*g = -24, h*b + 3*g + 4 = 4*b. Does 5 divide b?
False
Suppose -3*v + 60 = 9*v. Let z(g) = 5*g**2 - 2*g + 6. Let d(b) = 6*b**2 - b + 7. Let m(s) = 4*d(s) - 5*z(s). Does 3 divide m(v)?
True
Let i(a) = 2*a**2 - 2*a. Let o be i(2). Let r = -148 - -265. Suppose -l + 0*l = 2*q - 51, 0 = o*q + 5*l - r. Is q a multiple of 8?
False
Let a = 11 + -5. Is 6 a factor of a?
True
Is 134 - (-5 - (0 - 0)) a multiple of 31?
False
Suppose -4*f - 804 = -4*x, 4*x + f = 4*f + 803. Is 41 a factor of x?
False
Suppose -5*y + 123 = -7. Does 10 divide y?
False
Let l be (-10)/(-3)*(-6)/4. Let s be (-6)/(17/l + 3). Suppose -4*x = -4*o + 28, -s = o - 3*o + x. Is o a multiple of 4?
True
Let y = 15 - 11. Let i(b) = 4*b + 0*b + 0 + y*b**2 - b**3 + 0. Is i(4) a mul